the units digit of t(j)?
4
Suppose 0 = 10*g - 492 + 22. What is the units digit of g?
7
Let k(q) = -q - 5. Let l be k(-4). Let p be l*(2 - (-2 - -4)). Suppose 0 = -5*j - p + 5. What is the units digit of j?
1
Let a(w) be the second derivative of 0 + 3*w + 5/12*w**4 - 3/2*w**3 + 1/20*w**5 - 1/2*w**2. What is the units digit of a(-6)?
7
Suppose 348 = 4*g - 112. What is the hundreds digit of g?
1
Suppose 4*j - 3*z + 90 = j, 4*z = j + 42. Let w = j + 53. What is the tens digit of w?
2
Let w(f) = f**3 + 3*f**2 - 7*f - 1. What is the units digit of w(-4)?
1
What is the tens digit of 2 + ((-4655)/(-76) - (-6)/8)?
6
Let w = 73 - 38. What is the units digit of w?
5
Suppose -1342 = -4*f + 3*n + 131, -2*f = -5*n - 747. What is the hundreds digit of f?
3
Let q(p) = p**2 + 5*p - 32. What is the hundreds digit of q(14)?
2
Let l(f) = 11*f**3 + 8*f**2 + 5*f + 42. Let w(b) = 4*b**3 + 3*b**2 + 2*b + 14. Let i(s) = 3*l(s) - 8*w(s). What is the tens digit of i(0)?
1
Let p(b) = b**3 - 7*b**2 + 9*b - 9. Suppose 2*q - 2*r = -0*r + 16, 28 = 5*q + r. Let a be p(q). Let z = 22 - a. What is the tens digit of z?
1
Let u(b) = 3 + 2*b - 1 + 14*b**2 - 1. What is the units digit of u(-1)?
3
Suppose -5*v + t + 595 = 3*t, -92 = -v + 5*t. What is the hundreds digit of v?
1
Let r(t) = 2*t**3 + 53*t**2 - 29*t - 13. What is the tens digit of r(-27)?
4
Let b(z) = 13 + 0*z + z + 0*z. Suppose -92 = 13*w + 12. What is the units digit of b(w)?
5
Let g(i) = -i**3 + 4*i**2 - 4*i - 3. Let n be g(4). Let m = n - -39. What is the units digit of m?
0
Suppose 3*l + 3 = 9. Suppose 0 = -g + 2*g + 2, 5*o = l*g + 59. What is the tens digit of o?
1
What is the units digit of 1/3*14/(-7)*-222?
8
Suppose s + 0 = 2. Suppose u + 9 = s*u. What is the units digit of u?
9
Let j = 6 - 2. Suppose -3*x = -20 - j. What is the units digit of x?
8
Suppose 0 = t - 2*h + 10, t + 2*h - 10 = -0*h. Let c be 0 + -1 + 2 - -1. Suppose -c*s + t*s = -22. What is the units digit of s?
1
Let r(b) = 8*b**3 - 3*b**2 + 3*b - 3. What is the tens digit of r(2)?
5
Let a be 16/(-6)*3/(-2). Let r be (-4)/(-2) - (-4)/a. Suppose -r*z - 3 - 10 = -b, 0 = 3*z + 12. What is the units digit of b?
1
Let r(d) = 3*d - 1. Let p be (10/(-4) - 1)*-2. Let o = 8 - p. What is the units digit of r(o)?
2
Let p be -1 + 3 - 0/1. Let s be (-6)/12*16/(-2). Suppose -p*a + 2*o + 5 + 3 = 0, s = a + 4*o. What is the units digit of a?
4
Let o be 4*(-2 + 4) - 2. What is the units digit of ((-2)/o)/((-7)/483)?
3
Suppose x = 4*x - 24. Suppose -d + 4*y = -25 - 1, -2*y = 3*d - x. What is the units digit of d?
6
Let o(x) = x**2 - 5. Let q be o(5). Suppose a = 3 + q. What is the units digit of a?
3
Let f(p) = -4*p**3 - 3*p. Let r(l) = -12*l**3 - 10*l. Let z(m) = -10*f(m) + 3*r(m). Suppose -4*o + 0*o + 4 = 0. What is the units digit of z(o)?
4
Let m = 0 - -3. Suppose h + 86 = m*h. What is the units digit of h?
3
Let c(t) = -11*t - 3. What is the units digit of c(-2)?
9
Suppose -59 = -2*t + 1. What is the tens digit of t?
3
Let o = -7 - -15. Let n = 12 - o. What is the units digit of n?
4
Suppose -2*l + 292 = 5*a, 98 + 18 = 2*a + l. What is the units digit of a?
0
What is the hundreds digit of 6/4*87/(-9)*-8?
1
Let v = 2 - -1. Suppose -v*g + 1 = -5. Suppose 3*i - 40 = -0*j + 2*j, -4*i - g*j + 72 = 0. What is the units digit of i?
6
Let y(f) = -14*f - 12. What is the units digit of y(-8)?
0
Suppose 0 = -0*p + 2*p. Let q = 0 - p. Suppose q = 3*a - 30. What is the tens digit of a?
1
Let u be -2 + 3 + 3/1. Let d = u - 1. What is the units digit of d?
3
Let o = -3 - -9. Let n be 2 + o + (1 - -1). Suppose -3*t + n = -t. What is the units digit of t?
5
What is the units digit of 0/(-6) + -1 + 35?
4
Suppose o + 4 - 7 = 0. Suppose -4*h = -o - 5. What is the units digit of h?
2
Let z(r) = -r**3 + 3*r**2 + 6*r - 5. Let m be (-1)/3 - 4/(-12). Suppose 5*w = -3*i - 0*i + 11, -2*w + i + 11 = m. What is the units digit of z(w)?
3
Suppose 2*a - 5*v = -a + 102, -a + v + 36 = 0. Suppose 2*r + a = -25. Let i = 48 + r. What is the units digit of i?
6
Let u(k) = 2*k**3 - 13*k**2 + 21*k - 4. What is the tens digit of u(7)?
9
Let q(k) be the first derivative of -k**4/4 + 4*k**3/3 + k**2/2 + 5*k + 1. Let u be q(4). Suppose 5*y - u = 6. What is the units digit of y?
3
Let m = -2 + 2. Suppose m = n + 3 - 1. Let v = n - -11. What is the units digit of v?
9
Let u be 2/1 + (-2 - -5). Suppose -4*j = -q + 3*q + 10, 18 = 3*q - u*j. What is the units digit of q?
1
Let l be ((-70)/15)/((-4)/6). Let o = -4 + l. Let x = 4 + o. What is the units digit of x?
7
Let c(t) be the second derivative of 0*t**2 - 1/6*t**3 + t + 0. What is the units digit of c(-5)?
5
What is the units digit of -4 + (43 + 3)*1?
2
What is the tens digit of 1/3*-3 + 24?
2
Let u = -3 - -18. Let i = u - 5. What is the tens digit of i?
1
Suppose -2*n + 2 = -o, 2*n - 2 = -o - 0*n. Suppose 0 = -o*d - d. What is the tens digit of (-10)/((1 + d)*-1)?
1
Suppose 3*i = -0*i - 18. Let d(s) = -s**3 - 6*s**2 - 2*s - 9. Let f be d(i). Suppose 3*b + f = 15. What is the units digit of b?
4
Suppose 0 = 2*a + 7 - 23. What is the units digit of a?
8
Let w(d) = d**2 + 2*d + 1. Let t be w(-2). What is the tens digit of 3 + (6*2)/t?
1
Let n(p) = 2*p**2 - 7*p. What is the units digit of n(5)?
5
Let l(g) = -g**3 + 10*g**2 + g + 14. Let w be (15/4)/(6/16). What is the units digit of l(w)?
4
Let w(y) = y**3 + 2*y**3 + y - 4*y**3 - 1. Let b be w(-2). Suppose 3*f - b*f + 12 = 0. What is the units digit of f?
6
Let z be 38/8 - 3/(-12). Let b(p) be the second derivative of p**3/6 - p**2/2 - 4*p. What is the units digit of b(z)?
4
Let i(x) = 3*x**2 - 1. Let u be i(-1). Let d(k) = u*k - 3*k + 0*k - 7 + k**2 + 11. What is the tens digit of d(4)?
1
Let v = -5 - -26. What is the units digit of v?
1
Suppose m - 6*m = -2*a + 113, 0 = -3*a - 5*m + 132. What is the units digit of a?
9
Let q(z) = -4*z**3 - 2*z**2 + 1. Suppose 5*x - 2*b = 12, -3*x = b + 3*b - 2. Let i(l) = -l + 1. Let d be i(x). What is the units digit of q(d)?
3
Suppose -2*m + 3 + 1 = 0. Let l(s) = 4*s - s**m + 0 - 15*s - 12. What is the units digit of l(-9)?
6
Let k(w) = w**2 - 12*w - 10. Let g be k(13). Suppose g*b - 19 - 26 = 0. What is the tens digit of b?
1
What is the tens digit of -141*(-3)/18*2?
4
Let b(m) = 2 - m - 1 + 5. Let a be b(0). Suppose 0 = 3*i - 15 + a. What is the units digit of i?
3
Let o = 28 - -1. Let u = o - 2. What is the units digit of u?
7
Let x(c) = 2*c - 17. Let r be x(7). What is the units digit of (r*14)/(3/(-2))?
8
Let l(j) = -2*j + 1 + 16*j**2 - 3 + 2 - 1. What is the tens digit of l(-1)?
1
Let f = 3 + -5. Let z = -2 + -2. Let v = f - z. What is the units digit of v?
2
Suppose -15 = -5*m + 10. Suppose -j = m*c - 3, 3*j + 2*c - 2 = 7. Suppose j*g - 8 = -5*l + 3, l = g - 9. What is the units digit of g?
7
Let j = 22 - 18. Suppose j*o - 33 = 43. What is the tens digit of o?
1
Let b(r) be the first derivative of r**4/4 - 7*r**3/3 - 7*r**2/2 + 2*r + 2. Suppose 3 = 5*j - 37. What is the units digit of b(j)?
0
Let s = 25 - -25. What is the units digit of s?
0
Suppose -51 - 44 = 5*u. Let f = 29 + u. What is the tens digit of f?
1
Let g(x) = 6*x**2 - 6*x + 8. Let k(q) = -5*q**2 + 6*q - 7. Let d(r) = -4*g(r) - 5*k(r). Let y be d(6). Suppose y*c + 2 = 11. What is the units digit of c?
3
Let m be 2/4 + (-9)/(-2). Suppose 0 = -5*r + m*o + 15, -2*o + 2 = 6*r - 4*r. Suppose -3*t - r*l = 3*l + 22, 4*l + 17 = -3*t. What is the units digit of t?
1
Let h = -126 + 228. What is the units digit of h?
2
Suppose 32 - 97 = -5*z. What is the tens digit of z?
1
Suppose -n + 24 = c + 3*c, -5*n = -2*c - 32. What is the units digit of n?
8
Let q be 0*(-4)/(1 + 3). Suppose q = -p - 2*p + 15. What is the units digit of p?
5
Suppose 0 = 3*d + 2 + 7. Suppose 4*z - 5*a + 23 = 5*z, 0 = 5*z - a + 15. Let q = z - d. What is the units digit of q?
1
Let c(b) = b**2 - 6*b + 4. Let o be c(4). What is the units digit of (-10)/(-6) - o/(-6)?
1
Let b(v) = -v - 1. Let h be b(-6). Suppose 0*w + h*w = 5. Let y(d) = 9*d**2. What is the units digit of y(w)?
9
Suppose 42 = 28*s - 27*s. What is the tens digit of s?
4
Suppose 0 = -3*v + 3*g, -4*g = 2*v - 7*g + 2. Suppose v*z + 3*h - 8 = 0, h = z - 0 - 14. What is the tens digit of z?
1
Let f(p) = -p**3 - 8*p**2 - 2*p - 6. Let l(m) = -9*m**3 + m. Let a be l(1). Let w be 